{"id":203,"date":"2016-03-23T16:59:35","date_gmt":"2016-03-23T15:59:35","guid":{"rendered":"http:\/\/xn--sv-mhlhausen-glb.de\/skiclub\/?page_id=203"},"modified":"2024-11-03T10:43:11","modified_gmt":"2024-11-03T09:43:11","slug":"muehlhausener-adventskalender","status":"publish","type":"page","link":"https:\/\/xn--sv-mhlhausen-glb.de\/skiclub\/muehlhausener-adventskalender\/","title":{"rendered":"M\u00fchlhausener Adventskalender"},"content":{"rendered":"\n<h3 class=\"wp-block-heading\"><\/h3>\n\n\n\n<div data-wp-interactive=\"core\/file\" class=\"wp-block-file\"><object data-wp-bind--hidden=\"!state.hasPdfPreview\" hidden class=\"wp-block-file__embed\" data=\"http:\/\/xn--sv-mhlhausen-glb.de\/skiclub\/wp-content\/uploads\/sites\/4\/2024\/11\/Ausschreibung-Muehlhausener-Adventskalender-2024.pdf\" type=\"application\/pdf\" style=\"width:100%;height:600px\" aria-label=\"Einbettung von Ausschreibung Mu\u0308hlhausener Adventskalender 2024.\"><\/object><a id=\"wp-block-file--media-268efc2d-f313-4067-9b9b-1548cc48f359\" href=\"http:\/\/xn--sv-mhlhausen-glb.de\/skiclub\/wp-content\/uploads\/sites\/4\/2024\/11\/Ausschreibung-Muehlhausener-Adventskalender-2024.pdf\">Ausschreibung Mu\u0308hlhausener Adventskalender 2024<\/a><a href=\"http:\/\/xn--sv-mhlhausen-glb.de\/skiclub\/wp-content\/uploads\/sites\/4\/2024\/11\/Ausschreibung-Muehlhausener-Adventskalender-2024.pdf\" class=\"wp-block-file__button wp-element-button\" download aria-describedby=\"wp-block-file--media-268efc2d-f313-4067-9b9b-1548cc48f359\">Herunterladen<\/a><\/div>\n\n\n\n<figure class=\"wp-block-image size-large\"><img loading=\"lazy\" decoding=\"async\" width=\"677\" height=\"1024\" src=\"http:\/\/xn--sv-mhlhausen-glb.de\/skiclub\/wp-content\/uploads\/sites\/4\/2023\/04\/Zeitungsartikel_2022-677x1024.jpg\" alt=\"\" class=\"wp-image-2731\" srcset=\"https:\/\/xn--sv-mhlhausen-glb.de\/skiclub\/wp-content\/uploads\/sites\/4\/2023\/04\/Zeitungsartikel_2022-677x1024.jpg 677w, https:\/\/xn--sv-mhlhausen-glb.de\/skiclub\/wp-content\/uploads\/sites\/4\/2023\/04\/Zeitungsartikel_2022-198x300.jpg 198w, https:\/\/xn--sv-mhlhausen-glb.de\/skiclub\/wp-content\/uploads\/sites\/4\/2023\/04\/Zeitungsartikel_2022-768x1162.jpg 768w, https:\/\/xn--sv-mhlhausen-glb.de\/skiclub\/wp-content\/uploads\/sites\/4\/2023\/04\/Zeitungsartikel_2022-1015x1536.jpg 1015w, https:\/\/xn--sv-mhlhausen-glb.de\/skiclub\/wp-content\/uploads\/sites\/4\/2023\/04\/Zeitungsartikel_2022-178x270.jpg 178w, https:\/\/xn--sv-mhlhausen-glb.de\/skiclub\/wp-content\/uploads\/sites\/4\/2023\/04\/Zeitungsartikel_2022.jpg 1170w\" sizes=\"auto, (max-width: 677px) 100vw, 677px\" \/><\/figure>\n\n\n\n<h3 class=\"wp-block-heading\"><img loading=\"lazy\" decoding=\"async\" class=\"alignnone size-full wp-image-1868\" src=\"http:\/\/xn--sv-mhlhausen-glb.de\/skiclub\/wp-content\/uploads\/sites\/4\/2016\/03\/Bericht-MZ-vom-25.01.2017.jpg\" alt=\"Bericht MZ vom 25.01.2017\" width=\"629\" height=\"659\" srcset=\"https:\/\/xn--sv-mhlhausen-glb.de\/skiclub\/wp-content\/uploads\/sites\/4\/2016\/03\/Bericht-MZ-vom-25.01.2017.jpg 629w, https:\/\/xn--sv-mhlhausen-glb.de\/skiclub\/wp-content\/uploads\/sites\/4\/2016\/03\/Bericht-MZ-vom-25.01.2017-286x300.jpg 286w, https:\/\/xn--sv-mhlhausen-glb.de\/skiclub\/wp-content\/uploads\/sites\/4\/2016\/03\/Bericht-MZ-vom-25.01.2017-1x1.jpg 1w\" sizes=\"auto, (max-width: 629px) 100vw, 629px\" \/><\/h3>\n\n\n\n<p class=\"has-text-align-center\"><a href=\"http:\/\/xn--sv-mhlhausen-glb.de\/skiclub\/wp-content\/uploads\/sites\/4\/2016\/03\/M\u00fchlhausener-Adventskalender-Handzettel.pdf\" rel=\"\">M\u00fchlhausener Adventskalender 2015<\/a><\/p>\n\n\n\n<p class=\"has-text-align-center\"><a href=\"http:\/\/xn--sv-mhlhausen-glb.de\/skiclub\/wp-content\/uploads\/sites\/4\/2016\/03\/M\u00fchlhausener-Adventskalender-Handzettel-2016.pdf\" rel=\"\">M\u00fchlhausener Adventskalender 2016<\/a><\/p>\n\n\n\n<p class=\"has-text-align-center\"><a href=\"http:\/\/xn--sv-mhlhausen-glb.de\/skiclub\/wp-content\/uploads\/sites\/4\/2021\/11\/M\u00fchlhausener-Adventskalender-Handzettel-2018-Termine.pdf\">M\u00fchlhausener Adventskalender 2018<\/a><\/p>\n\n\n\n<p class=\"has-text-align-center\"><a href=\"http:\/\/xn--sv-mhlhausen-glb.de\/skiclub\/wp-content\/uploads\/sites\/4\/2024\/11\/Muehlhausener-Adventskalender-Handzettel-2022-1.pdf\" data-type=\"link\" data-id=\"http:\/\/xn--sv-mhlhausen-glb.de\/skiclub\/wp-content\/uploads\/sites\/4\/2024\/11\/Muehlhausener-Adventskalender-Handzettel-2022-1.pdf\">M\u00fchlhausener Adventskalender 2022<\/a><\/p>\n\n\n\n<p><\/p>\n\n\n\n<p><\/p>\n\n\n\n<p><\/p>\n\n\n\n<p><\/p>\n\n\n\n<p><\/p>\n\n\n\n<p><\/p>\n\n\n\n<p><\/p>\n\n\n\n<p><\/p>\n","protected":false},"excerpt":{"rendered":"<p>M\u00fchlhausener Adventskalender 2015 M\u00fchlhausener Adventskalender 2016 M\u00fchlhausener Adventskalender 2018 M\u00fchlhausener Adventskalender 2022<\/p>\n","protected":false},"author":3,"featured_media":0,"parent":0,"menu_order":0,"comment_status":"closed","ping_status":"closed","template":"","meta":{"ngg_post_thumbnail":0,"footnotes":""},"class_list":["post-203","page","type-page","status-publish","hentry"],"_links":{"self":[{"href":"https:\/\/xn--sv-mhlhausen-glb.de\/skiclub\/wp-json\/wp\/v2\/pages\/203","targetHints":{"allow":["GET"]}}],"collection":[{"href":"https:\/\/xn--sv-mhlhausen-glb.de\/skiclub\/wp-json\/wp\/v2\/pages"}],"about":[{"href":"https:\/\/xn--sv-mhlhausen-glb.de\/skiclub\/wp-json\/wp\/v2\/types\/page"}],"author":[{"embeddable":true,"href":"https:\/\/xn--sv-mhlhausen-glb.de\/skiclub\/wp-json\/wp\/v2\/users\/3"}],"replies":[{"embeddable":true,"href":"https:\/\/xn--sv-mhlhausen-glb.de\/skiclub\/wp-json\/wp\/v2\/comments?post=203"}],"version-history":[{"count":10,"href":"https:\/\/xn--sv-mhlhausen-glb.de\/skiclub\/wp-json\/wp\/v2\/pages\/203\/revisions"}],"predecessor-version":[{"id":2820,"href":"https:\/\/xn--sv-mhlhausen-glb.de\/skiclub\/wp-json\/wp\/v2\/pages\/203\/revisions\/2820"}],"wp:attachment":[{"href":"https:\/\/xn--sv-mhlhausen-glb.de\/skiclub\/wp-json\/wp\/v2\/media?parent=203"}],"curies":[{"name":"wp","href":"https:\/\/api.w.org\/{rel}","templated":true}]}}